of 132 and 3924.
12
Calculate the highest common factor of 203 and 14.
7
Calculate the highest common divisor of 2139 and 897.
69
What is the greatest common divisor of 16 and 1544?
8
What is the greatest common divisor of 44 and 352?
44
Calculate the greatest common divisor of 159 and 1643.
53
What is the greatest common divisor of 80 and 72?
8
Calculate the greatest common divisor of 94 and 705.
47
What is the greatest common factor of 11752 and 832?
104
What is the highest common divisor of 244 and 366?
122
What is the greatest common factor of 279 and 465?
93
Calculate the greatest common factor of 182 and 112.
14
Calculate the highest common divisor of 6 and 96.
6
What is the highest common divisor of 14 and 1113?
7
What is the highest common divisor of 93 and 237?
3
Calculate the greatest common factor of 560 and 1624.
56
Calculate the highest common factor of 11 and 726.
11
Calculate the highest common factor of 48 and 132.
12
What is the highest common divisor of 11 and 1078?
11
What is the highest common factor of 33 and 957?
33
Calculate the greatest common factor of 10 and 229.
1
Calculate the highest common factor of 11104 and 64.
32
What is the greatest common factor of 2674 and 14?
14
What is the highest common divisor of 90 and 126?
18
Calculate the greatest common divisor of 295 and 1829.
59
Calculate the highest common factor of 848 and 32.
16
What is the greatest common factor of 15059 and 1221?
407
Calculate the highest common factor of 176 and 66.
22
Calculate the highest common factor of 39 and 15171.
39
What is the greatest common divisor of 1215 and 15?
15
What is the highest common factor of 4 and 676?
4
What is the greatest common factor of 117 and 279?
9
What is the highest common divisor of 382 and 4?
2
Calculate the highest common divisor of 2 and 877.
1
Calculate the greatest common factor of 472 and 6372.
236
What is the highest common factor of 95 and 15?
5
What is the greatest common divisor of 32 and 3112?
8
What is the greatest common divisor of 208 and 144?
16
Calculate the greatest common divisor of 88 and 154.
22
Calculate the greatest common divisor of 77 and 91.
7
What is the greatest common factor of 376 and 1833?
47
What is the greatest common divisor of 108 and 4617?
27
What is the greatest common divisor of 85 and 34?
17
Calculate the highest common factor of 45 and 5295.
15
Calculate the highest common divisor of 30 and 330.
30
What is the highest common divisor of 52 and 13?
13
Calculate the highest common factor of 23 and 736.
23
What is the highest common divisor of 2628 and 72?
36
What is the highest common factor of 1653 and 145?
29
Calculate the greatest common divisor of 240 and 165.
15
Calculate the highest common divisor of 63 and 2709.
63
Calculate the greatest common factor of 55092 and 12.
12
Calculate the highest common factor of 12 and 10260.
12
What is the highest common divisor of 2048 and 928?
32
Calculate the greatest common factor of 575 and 3275.
25
Calculate the highest common factor of 45 and 1305.
45
What is the greatest common divisor of 177 and 3?
3
What is the greatest common factor of 341 and 77?
11
Calculate the greatest common factor of 32 and 80.
16
What is the greatest common factor of 105 and 5880?
105
What is the highest common divisor of 72 and 2768?
8
What is the greatest common factor of 128 and 4?
4
What is the highest common factor of 387 and 86?
43
Calculate the greatest common divisor of 63 and 609.
21
What is the greatest common factor of 2413 and 19?
19
What is the greatest common divisor of 180 and 675?
45
What is the highest common factor of 42 and 3402?
42
What is the highest common divisor of 960 and 90?
30
What is the greatest common factor of 86 and 387?
43
Calculate the highest common divisor of 2184 and 24.
24
Calculate the highest common divisor of 8342 and 344.
86
Calculate the greatest common factor of 9 and 33.
3
Calculate the greatest common divisor of 7153 and 1866.
311
Calculate the greatest common divisor of 2187 and 9.
9
What is the highest common factor of 111 and 3?
3
What is the greatest common divisor of 108 and 270?
54
What is the highest common factor of 16788 and 4?
4
What is the highest common divisor of 110 and 50?
10
Calculate the highest common factor of 31464 and 228.
228
Calculate the greatest common factor of 186 and 6.
6
What is the greatest common factor of 2796 and 228?
12
Calculate the greatest common divisor of 212 and 265.
53
Calculate the greatest common factor of 560 and 1200.
80
What is the greatest common factor of 9 and 279?
9
What is the highest common factor of 1377 and 119?
17
What is the highest common divisor of 75 and 3?
3
What is the greatest common divisor of 570 and 90?
30
What is the highest common divisor of 15 and 51?
3
What is the highest common factor of 77 and 847?
77
What is the highest common divisor of 140 and 84?
28
What is the highest common divisor of 4964 and 34?
34
What is the greatest common divisor of 324 and 90?
18
Calculate the greatest common divisor of 9 and 1143.
9
Calculate the highest common divisor of 972 and 216.
108
What is the highest common divisor of 42 and 7266?
42
Calculate the highest common factor of 1649 and 391.
17
What is the greatest common factor of 3443 and 88?
11
Calculate the greatest common divisor of 40 and 50.
10
What is the highest common divisor of 1296 and 405?
81
What is the highest common factor of 4912 and 16?
16
What is the highest common divisor of 60 and 8180?
20
Calculate the greatest common divisor of 486 and 216.
54
What is the greatest common divisor of 66 and 506?
22
What is the highest common divisor of 66 and 1848?
66
Calculate the greatest common factor of 21905 and 13.
13
What is the greatest common divisor of 1088 and 48?
16
What is the highest common divisor of 1795 and 75?
5
Calculate the highest common divisor of 27 and 29349.
27
Calculate the greatest common factor of 3 and 831.
3
What is the greatest common divisor of 22 and 128?
2
Calculate the greatest common divisor of 336 and 11256.
168
What is the highest common divisor of 6466 and 106?
106
What is the greatest common divisor of 92 and 92?
92
What is the greatest common factor of 316 and 4266?
158
What is the greatest common divisor of 8 and 172?
4
What is the highest common divisor of 1125 and 27?
9
Calculate the greatest common factor of 8 and 292.
4
Calculate the greatest common divisor of 469 and 21.
7
What is the highest common divisor of 272 and 848?
16
Calculate the highest common factor of 183 and 3.
3
Calculate the greatest common divisor of 96 and 13.
1
Calculate the highest common factor of 116 and 754.
58
What is the highest common divisor of 44833 and 107?
107
What is the highest common factor of 2050 and 287?
41
What is the highest common factor of 1683 and 88?
11
Calculate the greatest common factor of 154 and 21.
7
What is the greatest common factor of 2 and 19?
1
What is the greatest common divisor of 212 and 17278?
106
What is the greatest common factor of 9 and 171?
9
Calculate the greatest common divisor of 203 and 23954.
203
Calculate the highest common divisor of 230 and 10.
10
What is the highest common divisor of 557 and 3?
1
What is the greatest common factor of 805 and 560?
35
Calculate the greatest common divisor of 1313 and 13.
13
Calculate the highest common divisor of 7465 and 5.
5
Calculate the highest common divisor of 26 and 1378.
26
What is the highest common divisor of 183 and 11041?
61
What is the greatest common divisor of 20 and 6410?
10
Calculate the highest common factor of 81 and 324.
81
Calculate the highest common divisor of 216 and 3834.
54
Calculate the greatest common factor of 1955 and 85.
85
What is the highest common factor of 6 and 2145?
3
What is the highest common factor of 20 and 132?
4
What is the greatest common divisor of 75 and 3?
3
Calculate the greatest common factor of 261 and 27.
9
Calculate the highest common factor of 9 and 27.
9
Calculate the highest common divisor of 19550 and 136.
34
Calculate the greatest common divisor of 117 and 27.
9
Calculate the highest common factor of 8898 and 12.
6
What is the greatest common divisor of 920 and 680?
40
Calculate the greatest common divisor of 55 and 7535.
55
What is the highe